{"id":16,"date":"2026-04-13T14:23:34","date_gmt":"2026-04-13T14:23:34","guid":{"rendered":"https:\/\/ntorres.santcugatesn.com\/?page_id=16"},"modified":"2026-04-13T14:44:47","modified_gmt":"2026-04-13T14:44:47","slug":"inicio","status":"publish","type":"page","link":"https:\/\/ntorres.santcugatesn.com\/","title":{"rendered":"INICIO"},"content":{"rendered":"\n<div class=\"wp-block-cover\" style=\"margin-top:var(--wp--preset--spacing--50);margin-bottom:var(--wp--preset--spacing--50);padding-top:0;padding-bottom:0;min-height:615px;aspect-ratio:unset;\"><img loading=\"lazy\" decoding=\"async\" width=\"1024\" height=\"1024\" class=\"wp-block-cover__image-background wp-image-46\" alt=\"\" src=\"https:\/\/ntorres.santcugatesn.com\/wp-content\/uploads\/2026\/04\/diseno-mochila-4.png\" data-object-fit=\"cover\" srcset=\"https:\/\/ntorres.santcugatesn.com\/wp-content\/uploads\/2026\/04\/diseno-mochila-4.png 1024w, https:\/\/ntorres.santcugatesn.com\/wp-content\/uploads\/2026\/04\/diseno-mochila-4-300x300.png 300w, https:\/\/ntorres.santcugatesn.com\/wp-content\/uploads\/2026\/04\/diseno-mochila-4-150x150.png 150w, https:\/\/ntorres.santcugatesn.com\/wp-content\/uploads\/2026\/04\/diseno-mochila-4-768x768.png 768w, https:\/\/ntorres.santcugatesn.com\/wp-content\/uploads\/2026\/04\/diseno-mochila-4-600x600.png 600w, https:\/\/ntorres.santcugatesn.com\/wp-content\/uploads\/2026\/04\/diseno-mochila-4-100x100.png 100w\" sizes=\"auto, (max-width: 1024px) 100vw, 1024px\" \/><span aria-hidden=\"true\" class=\"wp-block-cover__background has-background-dim\"><\/span><div class=\"wp-block-cover__inner-container is-layout-flow wp-block-cover-is-layout-flow\">\n<p><\/p>\n\n\n\n<p><\/p>\n\n\n\n<p><\/p>\n\n\n\n<p><\/p>\n\n\n\n<p><\/p>\n\n\n\n<p><\/p>\n\n\n\n<p><\/p>\n\n\n\n<p><\/p>\n\n\n\n<p><\/p>\n\n\n\n<p><\/p>\n\n\n\n<p class=\"has-text-align-left is-style-text-display has-x-large-font-size is-style-text-display--1\" style=\"border-style:none;border-width:0px;border-top-left-radius:0px;border-top-right-radius:0px;border-bottom-left-radius:0px;border-bottom-right-radius:0px;margin-top:0;margin-bottom:0;padding-top:0;padding-right:0;padding-bottom:0;padding-left:0\">Protege lo que importa.<\/p>\n\n\n\n<p>Mochila anti-robo dise\u00f1ada para tu d\u00eda a d\u00eda.<br>Seguridad, comodidad y estilo en un solo producto.<\/p>\n<\/div><\/div>\n\n\n\n<div class=\"wp-block-buttons is-layout-flex wp-block-buttons-is-layout-flex\">\n<div class=\"wp-block-button\"><a class=\"wp-block-button__link wp-element-button\" href=\"https:\/\/ntorres.santcugatesn.com\/?product=mochila-anti-robo-safetofe\">Comprar ahora<\/a><\/div>\n<\/div>\n\n\n\n<p><\/p>\n","protected":false},"excerpt":{"rendered":"","protected":false},"author":1,"featured_media":0,"parent":0,"menu_order":0,"comment_status":"closed","ping_status":"closed","template":"page-no-title","meta":{"footnotes":""},"class_list":["post-16","page","type-page","status-publish","hentry"],"yoast_head":"<!-- This site is optimized with the Yoast SEO plugin v27.0 - https:\/\/yoast.com\/product\/yoast-seo-wordpress\/ -->\n<title>INICIO - SafeTofe<\/title>\n<meta name=\"robots\" content=\"index, follow, max-snippet:-1, max-image-preview:large, max-video-preview:-1\" \/>\n<link rel=\"canonical\" href=\"https:\/\/ntorres.santcugatesn.com\/\" \/>\n<meta property=\"og:locale\" content=\"es_ES\" \/>\n<meta property=\"og:type\" content=\"article\" \/>\n<meta property=\"og:title\" content=\"INICIO - SafeTofe\" \/>\n<meta property=\"og:url\" content=\"https:\/\/ntorres.santcugatesn.com\/\" \/>\n<meta property=\"og:site_name\" content=\"SafeTofe\" \/>\n<meta property=\"article:modified_time\" content=\"2026-04-13T14:44:47+00:00\" \/>\n<meta property=\"og:image\" content=\"https:\/\/ntorres.santcugatesn.com\/wp-content\/uploads\/2026\/04\/diseno-mochila-4.png\" \/>\n\t<meta property=\"og:image:width\" content=\"1024\" \/>\n\t<meta property=\"og:image:height\" content=\"1024\" \/>\n\t<meta property=\"og:image:type\" content=\"image\/png\" \/>\n<meta name=\"twitter:card\" content=\"summary_large_image\" \/>\n<meta name=\"twitter:label1\" content=\"Tiempo de lectura\" \/>\n\t<meta name=\"twitter:data1\" content=\"1 minuto\" \/>\n<script type=\"application\/ld+json\" class=\"yoast-schema-graph\">{\"@context\":\"https:\/\/schema.org\",\"@graph\":[{\"@type\":\"WebPage\",\"@id\":\"https:\/\/ntorres.santcugatesn.com\/\",\"url\":\"https:\/\/ntorres.santcugatesn.com\/\",\"name\":\"INICIO - SafeTofe\",\"isPartOf\":{\"@id\":\"https:\/\/ntorres.santcugatesn.com\/#website\"},\"primaryImageOfPage\":{\"@id\":\"https:\/\/ntorres.santcugatesn.com\/#primaryimage\"},\"image\":{\"@id\":\"https:\/\/ntorres.santcugatesn.com\/#primaryimage\"},\"thumbnailUrl\":\"https:\/\/ntorres.santcugatesn.com\/wp-content\/uploads\/2026\/04\/diseno-mochila-4.png\",\"datePublished\":\"2026-04-13T14:23:34+00:00\",\"dateModified\":\"2026-04-13T14:44:47+00:00\",\"breadcrumb\":{\"@id\":\"https:\/\/ntorres.santcugatesn.com\/#breadcrumb\"},\"inLanguage\":\"es\",\"potentialAction\":[{\"@type\":\"ReadAction\",\"target\":[\"https:\/\/ntorres.santcugatesn.com\/\"]}]},{\"@type\":\"ImageObject\",\"inLanguage\":\"es\",\"@id\":\"https:\/\/ntorres.santcugatesn.com\/#primaryimage\",\"url\":\"https:\/\/ntorres.santcugatesn.com\/wp-content\/uploads\/2026\/04\/diseno-mochila-4.png\",\"contentUrl\":\"https:\/\/ntorres.santcugatesn.com\/wp-content\/uploads\/2026\/04\/diseno-mochila-4.png\",\"width\":1024,\"height\":1024},{\"@type\":\"BreadcrumbList\",\"@id\":\"https:\/\/ntorres.santcugatesn.com\/#breadcrumb\",\"itemListElement\":[{\"@type\":\"ListItem\",\"position\":1,\"name\":\"Portada\",\"item\":\"https:\/\/ntorres.santcugatesn.com\/\"},{\"@type\":\"ListItem\",\"position\":2,\"name\":\"INICIO\"}]},{\"@type\":\"WebSite\",\"@id\":\"https:\/\/ntorres.santcugatesn.com\/#website\",\"url\":\"https:\/\/ntorres.santcugatesn.com\/\",\"name\":\"SafeTofe\",\"description\":\"\",\"potentialAction\":[{\"@type\":\"SearchAction\",\"target\":{\"@type\":\"EntryPoint\",\"urlTemplate\":\"https:\/\/ntorres.santcugatesn.com\/?s={search_term_string}\"},\"query-input\":{\"@type\":\"PropertyValueSpecification\",\"valueRequired\":true,\"valueName\":\"search_term_string\"}}],\"inLanguage\":\"es\"}]}<\/script>\n<!-- \/ Yoast SEO plugin. -->","yoast_head_json":{"title":"INICIO - SafeTofe","robots":{"index":"index","follow":"follow","max-snippet":"max-snippet:-1","max-image-preview":"max-image-preview:large","max-video-preview":"max-video-preview:-1"},"canonical":"https:\/\/ntorres.santcugatesn.com\/","og_locale":"es_ES","og_type":"article","og_title":"INICIO - SafeTofe","og_url":"https:\/\/ntorres.santcugatesn.com\/","og_site_name":"SafeTofe","article_modified_time":"2026-04-13T14:44:47+00:00","og_image":[{"width":1024,"height":1024,"url":"https:\/\/ntorres.santcugatesn.com\/wp-content\/uploads\/2026\/04\/diseno-mochila-4.png","type":"image\/png"}],"twitter_card":"summary_large_image","twitter_misc":{"Tiempo de lectura":"1 minuto"},"schema":{"@context":"https:\/\/schema.org","@graph":[{"@type":"WebPage","@id":"https:\/\/ntorres.santcugatesn.com\/","url":"https:\/\/ntorres.santcugatesn.com\/","name":"INICIO - SafeTofe","isPartOf":{"@id":"https:\/\/ntorres.santcugatesn.com\/#website"},"primaryImageOfPage":{"@id":"https:\/\/ntorres.santcugatesn.com\/#primaryimage"},"image":{"@id":"https:\/\/ntorres.santcugatesn.com\/#primaryimage"},"thumbnailUrl":"https:\/\/ntorres.santcugatesn.com\/wp-content\/uploads\/2026\/04\/diseno-mochila-4.png","datePublished":"2026-04-13T14:23:34+00:00","dateModified":"2026-04-13T14:44:47+00:00","breadcrumb":{"@id":"https:\/\/ntorres.santcugatesn.com\/#breadcrumb"},"inLanguage":"es","potentialAction":[{"@type":"ReadAction","target":["https:\/\/ntorres.santcugatesn.com\/"]}]},{"@type":"ImageObject","inLanguage":"es","@id":"https:\/\/ntorres.santcugatesn.com\/#primaryimage","url":"https:\/\/ntorres.santcugatesn.com\/wp-content\/uploads\/2026\/04\/diseno-mochila-4.png","contentUrl":"https:\/\/ntorres.santcugatesn.com\/wp-content\/uploads\/2026\/04\/diseno-mochila-4.png","width":1024,"height":1024},{"@type":"BreadcrumbList","@id":"https:\/\/ntorres.santcugatesn.com\/#breadcrumb","itemListElement":[{"@type":"ListItem","position":1,"name":"Portada","item":"https:\/\/ntorres.santcugatesn.com\/"},{"@type":"ListItem","position":2,"name":"INICIO"}]},{"@type":"WebSite","@id":"https:\/\/ntorres.santcugatesn.com\/#website","url":"https:\/\/ntorres.santcugatesn.com\/","name":"SafeTofe","description":"","potentialAction":[{"@type":"SearchAction","target":{"@type":"EntryPoint","urlTemplate":"https:\/\/ntorres.santcugatesn.com\/?s={search_term_string}"},"query-input":{"@type":"PropertyValueSpecification","valueRequired":true,"valueName":"search_term_string"}}],"inLanguage":"es"}]}},"_links":{"self":[{"href":"https:\/\/ntorres.santcugatesn.com\/index.php?rest_route=\/wp\/v2\/pages\/16","targetHints":{"allow":["GET"]}}],"collection":[{"href":"https:\/\/ntorres.santcugatesn.com\/index.php?rest_route=\/wp\/v2\/pages"}],"about":[{"href":"https:\/\/ntorres.santcugatesn.com\/index.php?rest_route=\/wp\/v2\/types\/page"}],"author":[{"embeddable":true,"href":"https:\/\/ntorres.santcugatesn.com\/index.php?rest_route=\/wp\/v2\/users\/1"}],"replies":[{"embeddable":true,"href":"https:\/\/ntorres.santcugatesn.com\/index.php?rest_route=%2Fwp%2Fv2%2Fcomments&post=16"}],"version-history":[{"count":8,"href":"https:\/\/ntorres.santcugatesn.com\/index.php?rest_route=\/wp\/v2\/pages\/16\/revisions"}],"predecessor-version":[{"id":53,"href":"https:\/\/ntorres.santcugatesn.com\/index.php?rest_route=\/wp\/v2\/pages\/16\/revisions\/53"}],"wp:attachment":[{"href":"https:\/\/ntorres.santcugatesn.com\/index.php?rest_route=%2Fwp%2Fv2%2Fmedia&parent=16"}],"curies":[{"name":"wp","href":"https:\/\/api.w.org\/{rel}","templated":true}]}}